ative of 7*y**6/120 - y**4/6 - y**3/6 + 16*y**2 - 2. Suppose 0 = -j - 3*x - 4, -4*j + 19 = -3*x + 5. What is the tens digit of b(j)?
4
Let a = 12948 + -5305. What is the tens digit of a?
4
Let v be 2/(-3) + 2 - 4/(-6). Suppose 0 = -v*d + 7*d - 30. Let w(z) = 23*z - 36. What is the units digit of w(d)?
2
Let f = -57 - -62. Suppose 0 = f*g - o + 55, 7*g = 2*g - 2*o - 40. What is the units digit of 346/3 + g/(-15)?
6
Suppose -2*k = -106*o + 110*o - 43636, -10 = -5*k. What is the ten thousands digit of o?
1
Let u be (-6)/(-4)*(0 - (-10)/3). Suppose -4 = -4*c + 4*m, -c = -2*m + u - 4. Suppose 0 = t - y - 112, y + 7 - c = 0. What is the hundreds digit of t?
1
Let n(i) = -i + 14. Let s be n(16). Let f be s/(-1) + -19 + -4. Let h(r) = r**3 + 22*r**2 + 16*r - 3. What is the hundreds digit of h(f)?
1
What is the ten thousands digit of (-3)/6*(-25320 + 4 + -2)?
1
Let x(d) = -4*d + 8. Let o be x(-4). Let p = o - 19. Suppose -p*k + 972 = -f, -f = 5*k - 3*f - 969. What is the units digit of k?
5
Let p be (-2)/7 + (-147133)/(-98)*-2. Let w be (-3)/(-15) + 0 + p/15. Let z = w - -410. What is the tens digit of z?
1
Let u(n) = -2 + n**2 + 10 - 7 + n + n. Let x be u(0). Let j(t) = 97*t**2 - 3*t + 2. What is the tens digit of j(x)?
9
What is the thousands digit of 2/(-1 - 28/(-20)) - -2428?
2
Suppose -b + 4*f + 5393 = -3664, 0 = -3*b + f + 27160. What is the hundreds digit of b?
0
What is the hundreds digit of (-13163)/(451/(-55) - -8)?
8
What is the hundreds digit of -6 - 13/(-39) - -7 - (-24532)/6?
0
Let g(u) = 12*u - 20. Let i be g(12). Let o = i - 84. Let m = o - -50. What is the tens digit of m?
9
Suppose 21*l + 264624 = 72453. What is the units digit of (-186)/1860 + 1 + l/(-10)?
6
Let y(z) = -4*z + 56. Let d be y(14). Suppose d = -18*i + 17*i + 175. What is the tens digit of i?
7
Suppose -3012*p - 6774 = -3015*p. What is the tens digit of p?
5
What is the tens digit of (8/(-28) + 2)/((-17)/(2428790/(-20)))?
4
Let m be 28/10 - (-5 + (-312)/(-65)). Suppose 332 = 2*b + 2*b. Suppose 0 = 4*a + m*g - 88, -b = -a - 2*a + 2*g. What is the tens digit of a?
2
Let i = 12609 - -7373. What is the units digit of i?
2
Let i be (-4 + 10)/((-847)/826 + 1). Suppose t - 3*t = 328. Let f = t - i. What is the units digit of f?
2
Let d(h) = -2*h - 9. Let c be d(-12). Suppose i = 3*v - 33, 0*v - i + c = v. Suppose v*x + 3 = 39. What is the units digit of x?
3
Suppose -3*b = -23*b - 2*b. Let h(l) = -5*l**3 + 2*l**2 + 5*l + 2. Let q be h(-3). Suppose g + 4*g + 125 = r, -r + 2*g + q = b. What is the hundreds digit of r?
1
Let z(q) = -2*q**3 - 14*q**2 - 5*q + 36. Let t be 10/6*-3 - (4 - -1). What is the hundreds digit of z(t)?
6
Let q = 4201 + -3362. What is the units digit of q?
9
What is the units digit of (-683348)/(-16) - (7 - 155/20)?
0
Suppose -174094 = -67*h + 1222312 + 378089. What is the hundreds digit of h?
4
Let g = -18449 + 36891. What is the tens digit of g?
4
Suppose 0 = -3*y - 4*r + 4, y + 3*r - 4 = -1. Suppose -9*s + 375 + 1848 = y. What is the units digit of s?
7
Let i(v) = v**2 - 33*v - 46. Let r be i(34). What is the hundreds digit of 1336/r*(3 + 36/(-8))?
1
Let d be 11/1 - 23/(115/30). Suppose -5*t + t - 5*i = -5693, 2869 = 2*t - d*i. What is the units digit of t?
7
Suppose -9*y + 16 = 2*p - 5*y, 4*y - 28 = -5*p. Suppose -3*h = 3*i - 1224, -2*i - p*h + h + 819 = 0. What is the hundreds digit of i?
4
Let x be 163/15 + -1 + (-38)/(-285). Suppose 8*b + 26 = x. What is the units digit of b/14 - (-1452)/21?
9
Let c be 170/(-15)*(-165)/(-10). Let r = -70 - 48. Let t = r - c. What is the units digit of t?
9
Let d(w) = -w**2 + 4. Suppose 0 = -0*t + t + 5*y + 17, 0 = -2*t - 3*y - 13. Let h be d(t). Suppose 4*b - 465 - 27 = h. What is the units digit of b?
3
Let h be (-154)/(-8) + (-58)/232. Suppose 2*u - 4*b = 1276, h*b = 14*b. What is the tens digit of u?
3
Let s be (-27269)/(-55) + 4/(-5). Suppose s*u - 491*u = 2540. What is the hundreds digit of u?
6
Suppose 1655 + 4413 = 74*g. What is the units digit of g?
2
Let t(r) = 8*r**2 - 403*r + 2767. What is the hundreds digit of t(7)?
3
Suppose 0 = r - 2*s - 26410, 3*r = 70*s - 69*s + 79210. What is the thousands digit of r?
6
Let y = 14 + -18. What is the tens digit of 27510/25 - y/(-10)?
0
Suppose 99*n = 104*n - 4*b - 128060, n - 25598 = -2*b. What is the tens digit of n?
0
Let p be (2630 - 0/(-1))*(9 - 5). Suppose 10*d - p = -1520. What is the tens digit of d?
0
Suppose -129*v + 1029884 = 17*v. What is the hundreds digit of v?
0
Suppose 536 - 33628 = -2*l - 4*q, 3*q = 0. What is the tens digit of l?
4
Let p(t) = 2548*t**2 - 123*t + 358. What is the hundreds digit of p(3)?
9
Let n = -157972 + 237136. What is the units digit of n?
4
Let z be -5*(2/(-1))/2. Let t = 8038 - 8036. Suppose 5*x + 15 = -0*x, -47 = -t*j - z*x. What is the tens digit of j?
3
Let g(p) = -p**2 - 15*p - 12. Let n(v) = -v**2 - 16*v - 12. Let x(u) = -3*g(u) + 2*n(u). Let r be x(-12). Suppose r*j + 774 = 6*j. What is the units digit of j?
9
Let a = -31 - -34. Let n(b) = b**2 + b - 6. Let q be n(a). What is the tens digit of (-3)/(0 - q/44)?
2
Suppose 5*n + 594910 = 87*n. What is the thousands digit of n?
7
Let k = -147 - -451. Suppose -4*d - 3*p - k = -2*p, -223 = 3*d + 2*p. Let h = d + 313. What is the units digit of h?
6
Let a(o) = 3*o - 33. Let w(g) = 2*g**2 + 4*g - 4. Let v be w(2). Let i be a(v). Suppose -5*n + i*n + 82 = 0. What is the units digit of n?
1
Suppose -4 = 6*h - 34. What is the units digit of -3 + h + -1 + 110?
1
Suppose -979 = x + 93. Let u = -632 - x. What is the tens digit of u?
4
Let o be 225939/(-539) - 2/(-11). Let a = -143 - o. What is the hundreds digit of a?
2
Suppose -m - 1449 = -24*m. Let x = m + 17. What is the units digit of x?
0
Suppose 4*v = 13 + 3. Let k(g) = -7*g**2 - 2*g + 14. Let d(m) = m. Let z(w) = 3*d(w) - k(w). What is the tens digit of z(v)?
1
Suppose 303 = 5*i - 777. Let s = -312 + i. What is the units digit of (-30)/50 + s/(-10)?
9
Let o(g) = 3*g**3 - 14*g**2 + 29*g + 102. What is the thousands digit of o(19)?
6
Let t = -20511 + 35427. Suppose 0*b + 11*b - t = 0. What is the units digit of b?
6
Let l(c) = 7*c**2 - 56*c - 4. Let b be l(8). What is the tens digit of 5 + -6 - b - -362?
6
Let n be ((-6)/15 - (-66)/15) + 19. Suppose h + 4*f = n, -f - 39 - 82 = -3*h. What is the units digit of h?
9
Suppose -92*o = -93*o - 2, -5*c = -4*o - 133028. What is the thousands digit of c?
6
Suppose 0 = -3*x + 2*h + 14, 15*h - 14*h = -4. Suppose 0 = -x*f, f + 59 = 2*w - 71. What is the units digit of w?
5
Let o(j) = -117*j**3 + j**2 - 1. Let y = -43 - -16. Let w = 26 + y. What is the units digit of o(w)?
7
Let q(v) = 2*v + 8. Let g be q(-3). Let d(m) = 5 + 2*m - 7*m - m**g - 14*m. What is the tens digit of d(-16)?
5
Suppose 0 = 151*g - 66*g - 97495. What is the tens digit of g?
4
Suppose -10*t + 11*t = 1. Let g be (-1 + t)/(0 - (-2)/2). Suppose -4*o + 784 = 5*h, g*o - 784 = -4*o - 4*h. What is the tens digit of o?
9
Let s = -211 + 211. Suppose s = -11*u + 157 + 272. What is the tens digit of u?
3
Suppose -6*i - 384 + 930 = 0. Suppose i*g - 96*g + 2030 = 0. What is the hundreds digit of g?
4
Suppose 0 = 57*l - 48*l + 144. Let y(r) = -20*r + 18. What is the hundreds digit of y(l)?
3
Let r(y) = 161*y**3 + 3*y**2 + 21*y - 5. What is the hundreds digit of r(5)?
3
Let g(p) = 318*p + 804. What is the tens digit of g(25)?
5
Let b = 35773 + -19713. What is the units digit of b?
0
Let a be 144/63 - 2/28*4. Suppose 940 = a*r - 838. What is the hundreds digit of r?
8
Suppose -18*l - 24 = -22*l. Suppose -w - 3*w + 3 = -3*t, l = 2*t. Suppose -3*b = -4*c - 6*b + 333, -w*c + 237 = -2*b. What is the units digit of c?
1
Let b be (-22)/(-2) - (-10 - (-20 + 6)). What is the units digit of (-323 + 9)/(-2)*b?
9
Let g = -257 - -252. What is the hundreds digit of 258 + -6 - g - -6?
2
Let c = -40682 - -72438. What is the tens digit of c?
5
What is the tens digit of 25417*30/378 + (-2)/9?
1
Suppose -o + 224 = -3*o. Let n be (4/8)/((-2)/o). Suppose 0 = -5*i + 5*f + n + 157, -2*f = 4*i - 118. What is the tens digit of i?
3
Suppose 0 = -29*g + 227870 + 571167. What is the units digit of g?
3
Let a = 7 + -1. Let u(n) = 2*n**2 - 11*n - 7. Let b be u(a). Let g(x) = 15*x**2 - x - 2. What is the units digit of g(b)?
4
Suppose -3*y + 2*l = -577, 7*y - 9*y - 